{"id":14128,"date":"2021-04-30T12:01:15","date_gmt":"2021-04-30T10:01:15","guid":{"rendered":"https:\/\/empac.pl\/historia\/"},"modified":"2022-09-16T14:16:43","modified_gmt":"2022-09-16T12:16:43","slug":"historia","status":"publish","type":"page","link":"https:\/\/empac.pl\/de\/historia\/","title":{"rendered":"Geschichte"},"content":{"rendered":"\t\t<div data-elementor-type=\"wp-page\" data-elementor-id=\"14128\" class=\"elementor elementor-14128\">\n\t\t\t\t\t\t\t\t\t<section data-particle_enable=\"false\" data-particle-mobile-disabled=\"false\" class=\"elementor-section elementor-top-section elementor-element elementor-element-46d14bd tm-column-break-ipad-yes elementor-section-stretched tm-col-stretched-none elementor-section-boxed elementor-section-height-default elementor-section-height-default\" data-id=\"46d14bd\" data-element_type=\"section\" data-settings=\"{&quot;stretch_section&quot;:&quot;section-stretched&quot;,&quot;background_background&quot;:&quot;classic&quot;}\">\n\t\t\t\t\t\t<div class=\"elementor-container elementor-column-gap-no\">\n\t\t\t\t\t<div class=\"elementor-column elementor-col-100 elementor-top-column elementor-element elementor-element-3aae0f3\" data-id=\"3aae0f3\" data-element_type=\"column\">\n\t\t\t<div class=\"elementor-widget-wrap\">\n\t\t\t\t\t\t\t\t\t<\/div>\n\t\t<\/div>\n\t\t\t\t\t\t\t<\/div>\n\t\t<\/section>\n\t\t\t\t<section data-particle_enable=\"false\" data-particle-mobile-disabled=\"false\" class=\"elementor-section elementor-top-section elementor-element elementor-element-bdcf472 elementor-section-stretched tm-column-break-ipad-no tm-col-stretched-none elementor-section-boxed elementor-section-height-default elementor-section-height-default\" data-id=\"bdcf472\" data-element_type=\"section\" data-settings=\"{&quot;stretch_section&quot;:&quot;section-stretched&quot;}\">\n\t\t\t\t\t\t<div class=\"elementor-container elementor-column-gap-no\">\n\t\t\t\t\t<div class=\"elementor-column elementor-col-100 elementor-top-column elementor-element elementor-element-7da7456\" data-id=\"7da7456\" data-element_type=\"column\">\n\t\t\t<div class=\"elementor-widget-wrap elementor-element-populated\">\n\t\t\t\t\t\t\t\t<div class=\"elementor-element elementor-element-15f24fa elementor-widget elementor-widget-html\" data-id=\"15f24fa\" data-element_type=\"widget\" data-widget_type=\"html.default\">\n\t\t\t\t<div class=\"elementor-widget-container\">\n\t\t\t<ul class=\"stepline\">\r\n\t<li>\r\n\t\t<div class=\"img1\"><h4>1996<\/h4><\/div>\r\n\t\t<h4 style=\"margin-top:10px;\">Gr\u00fcndung unseres Unternehmens<\/h4>\r\n\t\t<div class=\"text\">Registrierung der Gesellschaft STARPAC Sp. z o.o. durch die EMPAC Beteiligungs GmbH in Emsdetten \/ Deutschland\r\n\r\n<\/div><div class=\"img-calendar\"><img decoding=\"async\" style=\"width:235px\" src=\"\/wp-content\/uploads\/2022\/02\/starpac-1996.jpg\"><\/div>\r\n\t\t<div class=\"img-calendar\"><img decoding=\"async\" style=\"margin-top:20px;\" src=\"\/wp-content\/uploads\/2022\/04\/starpac-1997.jpg\" alt=\"\"><\/div>\r\n\r\n\t<\/li>\r\n\t<li>\r\n\t\t<div class=\"img1\"><h4>1997<\/h4><\/div>\r\n\t\t<h4 style=\"margin-top:10px;\">UN-Zulassung<\/h4>\r\n\t\t<div class=\"text\">Lizenz f\u00fcr die Fertigung von Beh\u00e4ltern zum Transport gef\u00e4hrlicher G\u00fcter mit Bauartpr\u00fcfung nach UN-Empfehlungen, zugelassen f\u00fcr den Transport auf Stra\u00dfe, Schiene und im Seeverkehr.\r\n\r\n<\/div>\r\n\t\t<div class=\"img-calendar\"><img decoding=\"async\" style=\"margin-top:20px;\" src=\"\/wp-content\/uploads\/2022\/03\/empac-adr-un.jpg\" alt=\"\"><\/div>\r\n\t<\/li>\r\n\t<li>\r\n\t\t<div class=\"img1\"><h4>1997<\/h4><\/div>\r\n\t\t<h4 style=\"margin-top:10px;\">Einf\u00fchrung des Qualit\u00e4tsmanagements ISO 9002<\/h4>\r\n\t<\/li>\r\n\t<li>\r\n        <div class=\"img1\"><h4>2000<\/h4><\/div>\r\n\t\t<h4 style=\"margin-top:10px;\">\u00c4nderung des Firmennamens <\/h4>\r\n\t\t<div class=\"img-calendar\"><img decoding=\"async\" style=\"width:235px\" src=\"\/wp-content\/uploads\/2022\/04\/nordenia-logo-empac-polska.jpg\" alt=\"\">\r\n\t\t<img decoding=\"async\" style=\"margin-top:20px;\" src=\"\/wp-content\/uploads\/2022\/01\/nordenia-600x300-1.jpg\" alt=\"\"><\/div>\r\n\t<\/li>\r\n\t\r\n \t<li>\r\n\t\t<div class=\"img1\"><h4>2001<\/h4><\/div>\r\n\t\t<h4 style=\"margin-top:10px;\">Erweiterung<\/h4>\r\n\t\t<div class=\"text\">Ausbau bzw. Erweiterung des Verwaltungsgeb\u00e4udes sowie der Fertigungs- und Lagerhallen um 2600m\u00b2\r\n<\/div>\r\n\t\t<div class=\"img-calendar\"><img decoding=\"async\" src=\"\/wp-content\/uploads\/2022\/04\/rozbudowa-2001.jpg\" alt=\"\"><\/div>\r\n\t<\/li>\r\n\t<li>\r\n\t\t<div class=\"img1\"><h4>2001<\/h4><\/div>\r\n\t\t<h4 style=\"margin-top:10px;\">Einf\u00fchrung des Umweltmanagements ISO 14001<\/h4>\r\n\t<\/li>\r\n\t<li>\r\n\t\t<div class=\"img1\"><h4>2005<\/h4><\/div>\r\n\t\t<h4 style=\"margin-top:10px;\">Vertrieb in Polen <\/h4>\r\n\t\t<div class=\"text\">Beginn des Vertriebs eigener Produkte auf dem polnischen Markt<\/div>\r\n\t<\/li>\r\n\t<li>\r\n\t\t<div class=\"img1\"><h4>2005<\/h4><\/div>\r\n\t\t<h4 style=\"margin-top:10px;\">Einf\u00fchrung des Qualit\u00e4tsmanagements ISO 9001<\/h4>\r\n\t<\/li>\r\n\t<li style=\"margin-top:40px;\">\r\n\t\t<div class=\"img1\"><h4>2009<\/h4><\/div>\r\n\t\t\r\n\t\t<h4 style=\"margin-top:10px;\">Einf\u00fchrung einer betrieblichen Anwendungssoftware \u2013 Enterprise Resource Planning (ERP)\r\n<\/h4>\r\n\t\t<div class=\"img-calendar\"><img decoding=\"async\" style=\"width:205px\"  src=\"\/wp-content\/uploads\/2022\/04\/logo-genesis-empac-polska.jpg\"><\/div>\r\n\t<\/li>\r\n\t<li>\r\n\t\t<div class=\"img1\"><h4>2012<\/h4><\/div>\r\n\t\t<h4 style=\"margin-top:10px;\">Wechsel des Eigent\u00fcmers <\/h4>\r\n\t\t<div class=\"text\">\u00dcbernahme der Firma NORDENIA Polska durch  EMPAC GmbH in Emsdetten \/ Deutschland\r\n<\/div>\r\n\t<\/li>\r\n \t<li>\r\n\t\t<div class=\"img1\"><h4>2012<\/h4><\/div>\r\n\t\t<h4 style=\"margin-top:10px;\">\u00c4nderung des Firmennamens<\/h4>\r\n\t\t<div class=\"img-calendar\"><img decoding=\"async\" style=\"width:285px\"  src=\"\/wp-content\/uploads\/2022\/02\/starpac-2012.jpg\"><\/div>\r\n\t\t<div class=\"img-calendar\"><img decoding=\"async\" src=\"\/wp-content\/uploads\/2022\/04\/starpac-2012.jpg\" alt=\"\">\r\n\t\t<\/div>\r\n\t<\/li>\r\n\t \t<li>\r\n\t\t<div class=\"img1\"><h4>2012<\/h4><\/div>\r\n\t\t<h4 style=\"margin-top:10px;\">Einf\u00fchrung des Hygienemanagements EN15593<\/h4>\r\n\t<\/li>\r\n\t<li>\r\n\t\t<div class=\"img1\"><h4>2014<\/h4><\/div>\r\n\t\t<h4 style=\"margin-top:10px;\">\u00c4nderung des Firmennamens<\/h4>\r\n\t\t<div class=\"img-calendar\"><img decoding=\"async\" style=\"width: 250px;\" src=\"\/wp-content\/uploads\/2021\/10\/empac-logo.svg\"><\/div>\r\n\t\t<div class=\"img-calendar\"><img decoding=\"async\" src=\"\/wp-content\/uploads\/2022\/04\/historia-empac-01.jpg\"><\/div>\r\n\t<\/li>\r\n\t<\/li>\r\n\t\t<li>\r\n\t\t<div class=\"img1\"><h4>2014<\/h4><\/div>\r\n\t\t<h4 style=\"margin-top:10px;\">Erweiterung<\/h4>\r\n\t\t<div class=\"text\">Ausbau bzw. Erweiterung des Verwaltungsgeb\u00e4udes und der Lagerhallen um 880m\u00b2<\/div>\r\n\t\t<div class=\"img-calendar\"><img decoding=\"async\" src=\"\/wp-content\/uploads\/2022\/04\/rozbudowa-empac-01.jpg\"><\/div>\r\n\t<\/li>\r\n\t\t<li>\r\n\t\t<div class=\"img1\"><h4>2018<\/h4><\/div>\r\n\t\t<h4 style=\"margin-top:10px;\">Einf\u00fchrung des Lebensmittelsicherheitsmanagements ISO 22000<\/h4>\r\n\t<\/li>\r\n \t<li>\r\n\t\t<div class=\"img1\"><h4>2018<\/h4><\/div>\r\n\t\t<h4 style=\"margin-top:10px;\">Modernisierung<\/h4>\r\n\t\t<div class=\"text\">Umbau bzw. Modernisierung der Kantine und Sozialr\u00e4ume entsprechend den geltenden Gesundheits- und Hygienebestimmungen <\/div>\r\n\t\t<div class=\"img-calendar\"><img decoding=\"async\" src=\"\/wp-content\/uploads\/2022\/04\/przebudowa-empac.jpg\"><\/div>\r\n\t<\/li>\r\n\t<li>\r\n\t\t<div class=\"img1\"><h4>2021<\/h4><\/div>\r\n\t\t<h4 style=\"margin-top:10px;\">2021  25 j\u00e4hriges Firmenjubil\u00e4um<\/h4>\r\n\t<\/li>\r\n\t\r\n\t\t<li>\r\n\t\t<div class=\"img1\"><img decoding=\"async\" src=\"\/wp-content\/uploads\/2021\/08\/shape-img.png\" alt=\"\"><\/div>\r\n\t\t<div class=\"btnlink1\"><a href=\"https:\/\/empac.pl\/de\/o-firmie\/\" class=\"read-btn\">Mehr \u00fcber das Unternehmen<i class=\"tm-buildtab-icon-right-thin\"><\/i><\/a><\/div>\r\n\t<\/li>\r\n<\/ul>\t\t<\/div>\n\t\t\t\t<\/div>\n\t\t\t\t\t<\/div>\n\t\t<\/div>\n\t\t\t\t\t\t\t<\/div>\n\t\t<\/section>\n\t\t\t\t\t\t\t<\/div>\n\t\t","protected":false},"excerpt":{"rendered":"<p>1996 Gr\u00fcndung unseres Unternehmens Registrierung der Gesellschaft STARPAC Sp. z o.o. durch die EMPAC Beteiligungs GmbH in Emsdetten \/ Deutschland 1997 UN-Zulassung Lizenz f\u00fcr die Fertigung von Beh\u00e4ltern zum Transport gef\u00e4hrlicher G\u00fcter mit Bauartpr\u00fcfung nach UN-Empfehlungen, zugelassen f\u00fcr den Transport auf Stra\u00dfe, Schiene und im Seeverkehr. 1997 Einf\u00fchrung des Qualit\u00e4tsmanagements ISO 9002 2000 \u00c4nderung des Firmennamens 2001 Erweiterung Ausbau bzw. Erweiterung des Verwaltungsgeb\u00e4udes sowie der Fertigungs- und Lagerhallen um 2600m\u00b2 2001 Einf\u00fchrung des Umweltmanagements ISO 14001 2005 Vertrieb in Polen Beginn des Vertriebs eigener Produkte auf dem polnischen Markt 2005 Einf\u00fchrung des Qualit\u00e4tsmanagements ISO 9001 2009 Einf\u00fchrung einer betrieblichen Anwendungssoftware &hellip; <a href=\"https:\/\/empac.pl\/de\/historia\/\" class=\"more-link\">Continue reading <span class=\"screen-reader-text\">Geschichte<\/span><\/a><\/p>\n","protected":false},"author":1,"featured_media":13508,"parent":0,"menu_order":0,"comment_status":"closed","ping_status":"closed","template":"","meta":{"footnotes":""},"class_list":["post-14128","page","type-page","status-publish","has-post-thumbnail","hentry"],"_links":{"self":[{"href":"https:\/\/empac.pl\/de\/wp-json\/wp\/v2\/pages\/14128","targetHints":{"allow":["GET"]}}],"collection":[{"href":"https:\/\/empac.pl\/de\/wp-json\/wp\/v2\/pages"}],"about":[{"href":"https:\/\/empac.pl\/de\/wp-json\/wp\/v2\/types\/page"}],"author":[{"embeddable":true,"href":"https:\/\/empac.pl\/de\/wp-json\/wp\/v2\/users\/1"}],"replies":[{"embeddable":true,"href":"https:\/\/empac.pl\/de\/wp-json\/wp\/v2\/comments?post=14128"}],"version-history":[{"count":9,"href":"https:\/\/empac.pl\/de\/wp-json\/wp\/v2\/pages\/14128\/revisions"}],"predecessor-version":[{"id":14644,"href":"https:\/\/empac.pl\/de\/wp-json\/wp\/v2\/pages\/14128\/revisions\/14644"}],"wp:featuredmedia":[{"embeddable":true,"href":"https:\/\/empac.pl\/de\/wp-json\/wp\/v2\/media\/13508"}],"wp:attachment":[{"href":"https:\/\/empac.pl\/de\/wp-json\/wp\/v2\/media?parent=14128"}],"curies":[{"name":"wp","href":"https:\/\/api.w.org\/{rel}","templated":true}]}}

<div data-elementor-type="wp-page" data-elementor-id="14128" class="elementor elementor-14128">
									<section data-particle_enable="false" data-particle-mobile-disabled="false" class="elementor-section elementor-top-section elementor-element elementor-element-46d14bd tm-column-break-ipad-yes elementor-section-stretched tm-col-stretched-none elementor-section-boxed elementor-section-height-default elementor-section-height-default" data-id="46d14bd" data-element_type="section" data-settings="{&quot;stretch_section&quot;:&quot;section-stretched&quot;,&quot;background_background&quot;:&quot;classic&quot;}">
						<div class="elementor-container elementor-column-gap-no">
					<div class="elementor-column elementor-col-100 elementor-top-column elementor-element elementor-element-3aae0f3" data-id="3aae0f3" data-element_type="column">
			<div class="elementor-widget-wrap">
									</div>
		</div>
							</div>
		</section>
				<section data-particle_enable="false" data-particle-mobile-disabled="false" class="elementor-section elementor-top-section elementor-element elementor-element-bdcf472 elementor-section-stretched tm-column-break-ipad-no tm-col-stretched-none elementor-section-boxed elementor-section-height-default elementor-section-height-default" data-id="bdcf472" data-element_type="section" data-settings="{&quot;stretch_section&quot;:&quot;section-stretched&quot;}">
						<div class="elementor-container elementor-column-gap-no">
					<div class="elementor-column elementor-col-100 elementor-top-column elementor-element elementor-element-7da7456" data-id="7da7456" data-element_type="column">
			<div class="elementor-widget-wrap elementor-element-populated">
								<div class="elementor-element elementor-element-15f24fa elementor-widget elementor-widget-html" data-id="15f24fa" data-element_type="widget" data-widget_type="html.default">
				<div class="elementor-widget-container">
			<ul class="stepline">
	<li>
		<div class="img1"><h4>1996</h4></div>
		<h4 style="margin-top:10px;">Gründung unseres Unternehmens</h4>
		<div class="text">Registrierung der Gesellschaft STARPAC Sp. z o.o. durch die EMPAC Beteiligungs GmbH in Emsdetten / Deutschland

</div><div class="img-calendar"><img decoding="async" style="width:235px" src="/wp-content/uploads/2022/02/starpac-1996.jpg"></div>
		<div class="img-calendar"><img decoding="async" style="margin-top:20px;" src="/wp-content/uploads/2022/04/starpac-1997.jpg" alt=""></div>

	</li>
	<li>
		<div class="img1"><h4>1997</h4></div>
		<h4 style="margin-top:10px;">UN-Zulassung</h4>
		<div class="text">Lizenz für die Fertigung von Behältern zum Transport gefährlicher Güter mit Bauartprüfung nach UN-Empfehlungen, zugelassen für den Transport auf Straße, Schiene und im Seeverkehr.

</div>
		<div class="img-calendar"><img decoding="async" style="margin-top:20px;" src="/wp-content/uploads/2022/03/empac-adr-un.jpg" alt=""></div>
	</li>
	<li>
		<div class="img1"><h4>1997</h4></div>
		<h4 style="margin-top:10px;">Einführung des Qualitätsmanagements ISO 9002</h4>
	</li>
	<li>
        <div class="img1"><h4>2000</h4></div>
		<h4 style="margin-top:10px;">Änderung des Firmennamens </h4>
		<div class="img-calendar"><img decoding="async" style="width:235px" src="/wp-content/uploads/2022/04/nordenia-logo-empac-polska.jpg" alt="">
		<img decoding="async" style="margin-top:20px;" src="/wp-content/uploads/2022/01/nordenia-600x300-1.jpg" alt=""></div>
	</li>
	
 	<li>
		<div class="img1"><h4>2001</h4></div>
		<h4 style="margin-top:10px;">Erweiterung</h4>
		<div class="text">Ausbau bzw. Erweiterung des Verwaltungsgebäudes sowie der Fertigungs- und Lagerhallen um 2600m²
</div>
		<div class="img-calendar"><img decoding="async" src="/wp-content/uploads/2022/04/rozbudowa-2001.jpg" alt=""></div>
	</li>
	<li>
		<div class="img1"><h4>2001</h4></div>
		<h4 style="margin-top:10px;">Einführung des Umweltmanagements ISO 14001</h4>
	</li>
	<li>
		<div class="img1"><h4>2005</h4></div>
		<h4 style="margin-top:10px;">Vertrieb in Polen </h4>
		<div class="text">Beginn des Vertriebs eigener Produkte auf dem polnischen Markt</div>
	</li>
	<li>
		<div class="img1"><h4>2005</h4></div>
		<h4 style="margin-top:10px;">Einführung des Qualitätsmanagements ISO 9001</h4>
	</li>
	<li style="margin-top:40px;">
		<div class="img1"><h4>2009</h4></div>
		
		<h4 style="margin-top:10px;">Einführung einer betrieblichen Anwendungssoftware – Enterprise Resource Planning (ERP)
</h4>
		<div class="img-calendar"><img decoding="async" style="width:205px"  src="/wp-content/uploads/2022/04/logo-genesis-empac-polska.jpg"></div>
	</li>
	<li>
		<div class="img1"><h4>2012</h4></div>
		<h4 style="margin-top:10px;">Wechsel des Eigentümers </h4>
		<div class="text">Übernahme der Firma NORDENIA Polska durch  EMPAC GmbH in Emsdetten / Deutschland
</div>
	</li>
 	<li>
		<div class="img1"><h4>2012</h4></div>
		<h4 style="margin-top:10px;">Änderung des Firmennamens</h4>
		<div class="img-calendar"><img decoding="async" style="width:285px"  src="/wp-content/uploads/2022/02/starpac-2012.jpg"></div>
		<div class="img-calendar"><img decoding="async" src="/wp-content/uploads/2022/04/starpac-2012.jpg" alt="">
		</div>
	</li>
	 	<li>
		<div class="img1"><h4>2012</h4></div>
		<h4 style="margin-top:10px;">Einführung des Hygienemanagements EN15593</h4>
	</li>
	<li>
		<div class="img1"><h4>2014</h4></div>
		<h4 style="margin-top:10px;">Änderung des Firmennamens</h4>
		<div class="img-calendar"><img decoding="async" style="width: 250px;" src="/wp-content/uploads/2021/10/empac-logo.svg"></div>
		<div class="img-calendar"><img decoding="async" src="/wp-content/uploads/2022/04/historia-empac-01.jpg"></div>
	</li>
	</li>
		<li>
		<div class="img1"><h4>2014</h4></div>
		<h4 style="margin-top:10px;">Erweiterung</h4>
		<div class="text">Ausbau bzw. Erweiterung des Verwaltungsgebäudes und der Lagerhallen um 880m²</div>
		<div class="img-calendar"><img decoding="async" src="/wp-content/uploads/2022/04/rozbudowa-empac-01.jpg"></div>
	</li>
		<li>
		<div class="img1"><h4>2018</h4></div>
		<h4 style="margin-top:10px;">Einführung des Lebensmittelsicherheitsmanagements ISO 22000</h4>
	</li>
 	<li>
		<div class="img1"><h4>2018</h4></div>
		<h4 style="margin-top:10px;">Modernisierung</h4>
		<div class="text">Umbau bzw. Modernisierung der Kantine und Sozialräume entsprechend den geltenden Gesundheits- und Hygienebestimmungen </div>
		<div class="img-calendar"><img decoding="async" src="/wp-content/uploads/2022/04/przebudowa-empac.jpg"></div>
	</li>
	<li>
		<div class="img1"><h4>2021</h4></div>
		<h4 style="margin-top:10px;">2021  25 jähriges Firmenjubiläum</h4>
	</li>
	
		<li>
		<div class="img1"><img decoding="async" src="/wp-content/uploads/2021/08/shape-img.png" alt=""></div>
		<div class="btnlink1"><a href="https://empac.pl/de/o-firmie/" class="read-btn">Mehr über das Unternehmen<i class="tm-buildtab-icon-right-thin"></i></a></div>
	</li>
</ul>		</div>
				</div>
					</div>
		</div>
							</div>
		</section>
							</div>

<p>1996 Gründung unseres Unternehmens Registrierung der Gesellschaft STARPAC Sp. z o.o. durch die EMPAC Beteiligungs GmbH in Emsdetten / Deutschland 1997 UN-Zulassung Lizenz für die Fertigung von Behältern zum Transport gefährlicher Güter mit Bauartprüfung nach UN-Empfehlungen, zugelassen für den Transport auf Straße, Schiene und im Seeverkehr. 1997 Einführung des Qualitätsmanagements ISO 9002 2000 Änderung des Firmennamens 2001 Erweiterung Ausbau bzw. Erweiterung des Verwaltungsgebäudes sowie der Fertigungs- und Lagerhallen um 2600m² 2001 Einführung des Umweltmanagements ISO 14001 2005 Vertrieb in Polen Beginn des Vertriebs eigener Produkte auf dem polnischen Markt 2005 Einführung des Qualitätsmanagements ISO 9001 2009 Einführung einer betrieblichen Anwendungssoftware &hellip; <a href="https://empac.pl/de/historia/" class="more-link">Continue reading <span class="screen-reader-text">Geschichte</span></a></p>
